{"id":2244,"date":"2021-11-14T11:29:57","date_gmt":"2021-11-14T11:29:57","guid":{"rendered":"https:\/\/ppgeco.unb.br\/?page_id=2244"},"modified":"2021-11-14T13:58:00","modified_gmt":"2021-11-14T13:58:00","slug":"pedroconceicao","status":"publish","type":"page","link":"https:\/\/ppgeco.unb.br\/en\/corpo-docente\/pedroconceicao\/","title":{"rendered":"Prof. Dr. Pedro Henrique Zuchi da Conceicao"},"content":{"rendered":"<div class=\"vc_row wpb_row vc_row-fluid themesflat_1525661778\"><div class=\"row_overlay\" style=\"\"><\/div><div class=\"wpb_column vc_column_container vc_col-sm-12\"><div class=\"vc_column-inner\"><div class=\"wpb_wrapper\"><div class=\"vc_row wpb_row vc_inner vc_row-fluid\"><div class=\"wpb_column vc_column_container vc_col-sm-4\"><div class=\"vc_column-inner\"><div class=\"wpb_wrapper\">\n\t<div  class=\"wpb_single_image wpb_content_element vc_align_left  wpb_animate_when_almost_visible wpb_fadeIn fadeIn vc_custom_1636886573697\">\n\t\t\n\t\t<figure class=\"wpb_wrapper vc_figure\">\n\t\t\t<div class=\"vc_single_image-wrapper vc_box_rounded  vc_box_border_grey\"><img decoding=\"async\" class=\"vc_img-placeholder vc_single_image-img\" src=\"https:\/\/ppgeco.unb.br\/wp-content\/plugins\/js_composer\/assets\/vc\/no_image.png\" \/><\/div>\n\t\t<\/figure>\n\t<\/div>\n<\/div><\/div><\/div><div class=\"wpb_column vc_column_container vc_col-sm-8\"><div class=\"vc_column-inner\"><div class=\"wpb_wrapper\"><div class=\"vc_btn3-container vc_btn3-inline vc_custom_1636889318773\" ><a class=\"vc_general vc_btn3 vc_btn3-size-md vc_btn3-shape-rounded vc_btn3-style-modern vc_btn3-icon-left vc_btn3-color-grey\" href=\"http:\/\/lattes.cnpq.br\/9278135813487013\" title=\"\" target=\"_blank\"><i class=\"vc_btn3-icon fas fa-university\"><\/i> lattes<\/a><\/div><div class=\"vc_btn3-container vc_btn3-inline vc_custom_1636889332025\" ><a class=\"vc_general vc_btn3 vc_btn3-size-md vc_btn3-shape-rounded vc_btn3-style-modern vc_btn3-icon-left vc_btn3-color-grey\" href=\"mailto:pedrozuchi@unb.br\" title=\"\" target=\"_blank\"><i class=\"vc_btn3-icon fas fa-envelope\"><\/i> Contact: pedrozuchi@unb.br<\/a><\/div><div class=\"title-section   left\">\r\n\t\t\r\n\t\t\t<div class=\"top-title\">\r\n\t\t\t\tProf. Dr. Pedro Henrique Zuchi da Conceicao\r\n\t\t\t<\/div>\r\n\t\t<h2 class=\"title\" style=\"\t\t\tfont-size: 20px;\t\t\tfont-weight: 500;\t\t\tline-height: 32px;\t\t\tcolor: #111111;\t\t\tmargin-bottom: 2px;\t\t\tletter-spacing: 0px;\t\t\">\r\n\t\t\tEducation and main areas of research\r\n\t\t<\/h2>\t\r\n\t\t<div class=\"title-line\"><\/div>\t\t\t\r\n\t\t\r\n\r\n\t<\/div>\n\t<div class=\"wpb_text_column wpb_content_element  wpb_animate_when_almost_visible wpb_left-to-right left-to-right\" >\n\t\t<div class=\"wpb_wrapper\">\n\t\t\t<ul class=\"primary-list\">\n<li>\n<div><span lang=\"PT-BR\">Doctor \u2013 University of S\u00e3o Paulo \u2013 ESALQ\/USP<\/span><\/div>\n<\/li>\n<li>\n<div><span lang=\"PT-BR\">Agricultural Policy<\/span><\/div>\n<\/li>\n<li>\n<div class=\"translation-block\">Environmental Economics and Natural \nResources<\/div>\n<\/li>\n<li>\n<div><span lang=\"PT-BR\">Spatial Economics and the Environment<\/span><\/div>\n<\/li>\n<\/ul>\n<div><\/div>\n\n\t\t<\/div>\n\t<\/div>\n\r\n\t\t<div class=\"themesflat-spacer\" data-desktop=\"0\" data-mobile=\"30\" data-smobile=\"30\">\t\t\t\r\n\t\t<\/div><\/div><\/div><\/div><\/div>\r\n\t\t<div class=\"themesflat-spacer\" data-desktop=\"90\" data-mobile=\"40\" data-smobile=\"30\">\t\t\t\r\n\t\t<\/div><\/div><\/div><\/div><\/div>","protected":false},"excerpt":{"rendered":"Lattes Contact: pedrozuchi@unb.br Prof. Dr. Pedro Henrique Zuchi da Concei\u00e7\u00e3o Education and main areas of research PhD - University of S\u00e3o Paulo - ESALQ\/USP Agricultural Policy Economics of the Environment and Natural Resources Space Economics and the Environment","protected":false},"author":1,"featured_media":0,"parent":594,"menu_order":0,"comment_status":"closed","ping_status":"closed","template":"tpl\/page_fullwidth.php","meta":{"footnotes":""},"class_list":["post-2244","page","type-page","status-publish","hentry"],"_links":{"self":[{"href":"https:\/\/ppgeco.unb.br\/en\/wp-json\/wp\/v2\/pages\/2244","targetHints":{"allow":["GET"]}}],"collection":[{"href":"https:\/\/ppgeco.unb.br\/en\/wp-json\/wp\/v2\/pages"}],"about":[{"href":"https:\/\/ppgeco.unb.br\/en\/wp-json\/wp\/v2\/types\/page"}],"author":[{"embeddable":true,"href":"https:\/\/ppgeco.unb.br\/en\/wp-json\/wp\/v2\/users\/1"}],"replies":[{"embeddable":true,"href":"https:\/\/ppgeco.unb.br\/en\/wp-json\/wp\/v2\/comments?post=2244"}],"version-history":[{"count":2,"href":"https:\/\/ppgeco.unb.br\/en\/wp-json\/wp\/v2\/pages\/2244\/revisions"}],"predecessor-version":[{"id":2285,"href":"https:\/\/ppgeco.unb.br\/en\/wp-json\/wp\/v2\/pages\/2244\/revisions\/2285"}],"up":[{"embeddable":true,"href":"https:\/\/ppgeco.unb.br\/en\/wp-json\/wp\/v2\/pages\/594"}],"wp:attachment":[{"href":"https:\/\/ppgeco.unb.br\/en\/wp-json\/wp\/v2\/media?parent=2244"}],"curies":[{"name":"wp","href":"https:\/\/api.w.org\/{rel}","templated":true}]}}

<div class="vc_row wpb_row vc_row-fluid themesflat_1525661778"><div class="row_overlay" style=""></div><div class="wpb_column vc_column_container vc_col-sm-12"><div class="vc_column-inner"><div class="wpb_wrapper"><div class="vc_row wpb_row vc_inner vc_row-fluid"><div class="wpb_column vc_column_container vc_col-sm-4"><div class="vc_column-inner"><div class="wpb_wrapper">
	<div  class="wpb_single_image wpb_content_element vc_align_left  wpb_animate_when_almost_visible wpb_fadeIn fadeIn vc_custom_1636886573697">
		
		<figure class="wpb_wrapper vc_figure">
			<div class="vc_single_image-wrapper vc_box_rounded  vc_box_border_grey"><img decoding="async" class="vc_img-placeholder vc_single_image-img" src="https://ppgeco.unb.br/wp-content/plugins/js_composer/assets/vc/no_image.png" /></div>
		</figure>
	</div>
</div></div></div><div class="wpb_column vc_column_container vc_col-sm-8"><div class="vc_column-inner"><div class="wpb_wrapper"><div class="vc_btn3-container vc_btn3-inline vc_custom_1636889318773" ><a class="vc_general vc_btn3 vc_btn3-size-md vc_btn3-shape-rounded vc_btn3-style-modern vc_btn3-icon-left vc_btn3-color-grey" href="http://lattes.cnpq.br/9278135813487013" title="" target="_blank"><i class="vc_btn3-icon fas fa-university"></i> lattes</a></div><div class="vc_btn3-container vc_btn3-inline vc_custom_1636889332025" ><a class="vc_general vc_btn3 vc_btn3-size-md vc_btn3-shape-rounded vc_btn3-style-modern vc_btn3-icon-left vc_btn3-color-grey" href="mailto:pedrozuchi@unb.br" title="" target="_blank"><i class="vc_btn3-icon fas fa-envelope"></i> Contact: pedrozuchi@unb.br</a></div><div class="title-section   left">
		
			<div class="top-title">
				Prof. Dr. Pedro Henrique Zuchi da Conceicao
			</div>
		<h2 class="title" style="			font-size: 20px;			font-weight: 500;			line-height: 32px;			color: #111111;			margin-bottom: 2px;			letter-spacing: 0px;		">
			Education and main areas of research
		</h2>	
		<div class="title-line"></div>			
		

	</div>
	<div class="wpb_text_column wpb_content_element  wpb_animate_when_almost_visible wpb_left-to-right left-to-right" >
		<div class="wpb_wrapper">
			<ul class="primary-list">
<li>
<div><span lang="PT-BR">Doctor – University of São Paulo – ESALQ/USP</span></div>
</li>
<li>
<div><span lang="PT-BR">Agricultural Policy</span></div>
</li>
<li>
<div class="translation-block">Environmental Economics and Natural 
Resources</div>
</li>
<li>
<div><span lang="PT-BR">Spatial Economics and the Environment</span></div>
</li>
</ul>
<div></div>

		</div>
	</div>

		<div class="themesflat-spacer" data-desktop="0" data-mobile="30" data-smobile="30">			
		</div></div></div></div></div>
		<div class="themesflat-spacer" data-desktop="90" data-mobile="40" data-smobile="30">			
		</div></div></div></div></div>

Lattes Contact: pedrozuchi@unb.br Prof. Dr. Pedro Henrique Zuchi da Conceição Education and main areas of research PhD - University of São Paulo - ESALQ/USP Agricultural Policy Economics of the Environment and Natural Resources Space Economics and the Environment
